m = -4608. What is the greatest common divisor of m and 224?
32
Let t = -55 - -60. Suppose 0 = b + 3 - 2. Let f be b - -18 - (2 - 0). What is the highest common factor of t and f?
5
Let o(l) = -26 + 15 - 15*l - 4*l - 2*l**2 + 0*l**2. Let p be o(-8). Calculate the greatest common divisor of 26 and p.
13
Let u(y) = -58*y. Let i be u(1). Let c = -10 - i. Let r be 32*(3 - (2 + 0)). What is the greatest common divisor of r and c?
16
Suppose 2*x - 3*z - 72 = 44, 2*x + 2*z = 96. What is the greatest common divisor of x and 182?
26
Suppose 2*j + 2 = -2*l - 4, 2*j - 30 = 4*l. Let p be 5 - 1 - (5 - 4). Let y be 46/4 - p/l. Calculate the greatest common factor of y and 48.
12
Let j = -33 + 40. Let h(n) = 5*n - 2. Let z be h(j). What is the greatest common factor of z and 3?
3
Let v = 71 + -66. Let n be 25/(-10)*(-24)/v. Calculate the highest common divisor of n and 132.
12
Let g(m) = -4*m + 2. Let y be g(2). Let d(t) = -t**3 - 7*t**2 - 8*t - 2. Let i be d(y). Let w = 210 + -120. Calculate the greatest common divisor of i and w.
10
Let j = 123 - 68. Let i = -58 + 63. Calculate the highest common divisor of i and j.
5
Suppose 0 = 9*c - 26 - 10. Let a(j) = -j + 8. Let m be a(c). What is the highest common divisor of m and 1?
1
Let q = -10 - -12. Suppose 5*r + 8 = q*m + 4, -4*m + 5*r + 8 = 0. Let i be -4*((-9)/m - -3). What is the greatest common divisor of i and 4?
2
Suppose -5*n - 20 = 0, v + 10 = 4*v + 5*n. Let i = -1188 + 1203. Calculate the highest common factor of v and i.
5
Let g = -297 - -303. Let p(y) = y + 6. Let f be p(-4). Let z be -2 + f + g/3. Calculate the highest common divisor of z and 22.
2
Let t be (1965/60)/((-5)/(-140)). What is the greatest common factor of 7 and t?
7
Let z = -466 + 488. What is the greatest common divisor of 352 and z?
22
Let u(q) = -q**2 - 2*q**2 + 8 + 11*q**2. Let o be u(3). Calculate the greatest common factor of 20 and o.
20
Let m(r) = -r**2 + 12*r - 12. Let u be m(13). Let d = u - -27. Calculate the highest common divisor of 16 and d.
2
Let v(m) = -4*m. Suppose 24 = -5*k + 3*x, -4*k + 3 = 2*x + 3*x. Let z be v(k). Let d be ((-9)/z)/(1/(-24)). What is the greatest common factor of 126 and d?
18
Suppose 0 = 5*a + 2*m - 184, -m + 40 + 34 = 2*a. What is the highest common divisor of a and 288?
36
Suppose 474 = -4*v - 5*o, 582 = -5*v - 0*o - o. Let n = 276 + v. Calculate the greatest common factor of 10 and n.
10
Suppose -5*w - 170 = -n, 6*n - 3*n + 3*w = 510. Calculate the highest common divisor of 34 and n.
34
Let n be ((-42120)/364)/(1/(-35)). What is the highest common divisor of 50 and n?
50
Let f be 13 - 3 - (-1)/1. Suppose -5*x = -f - 64. Let u be ((-60)/150)/(4/(-30)). Calculate the highest common divisor of u and x.
3
Suppose -5*u + 130 - 45 = 0. Calculate the greatest common factor of u and 187.
17
Let h(v) = -3*v**3 - v**2 + v + 10. Let l be h(-2). Calculate the greatest common divisor of 98 and l.
14
Let p = -6 - -28. Suppose -286 + 66 = -5*j. Calculate the greatest common divisor of j and p.
22
Let k = -1895 - -2015. Calculate the greatest common divisor of 75 and k.
15
Suppose -5*a + 1629 = -2*z, 3*z = 4*a - 50 - 1256. What is the highest common factor of a and 25?
25
Suppose 4*u = 9 + 7. Suppose -5*g - 206 = -u*a, -g + a - 2*a - 43 = 0. Let b be g/(-12) - 2/4. Calculate the highest common divisor of b and 6.
3
Let k be (-9)/(-1) + 46/(-46). What is the greatest common divisor of 22 and k?
2
Let z(m) = -m**2 - 63*m - 963. Let n be z(-36). Suppose -4*c = 2*a - 4, 3*a = -2*c - 3*c + 11. Calculate the highest common factor of a and n.
3
Suppose -101*n = -104*n + 30. Calculate the highest common factor of n and 265.
5
Suppose -8*x + x + 42 = 0. What is the greatest common divisor of x and 150?
6
Let q be (1 + 1 + 9)*1. Suppose -16*z + q*z = -45. What is the highest common factor of 36 and z?
9
Let d(g) = -15*g + 117. Let p be d(6). What is the greatest common factor of 18 and p?
9
Let l be 1*(-2)/(6/(-15)). Suppose 0 = 5*s + 5*z - 445, s - l*z - 347 = -3*s. Calculate the highest common factor of 8 and s.
8
Let k(g) = 2*g**2 + 11*g + 7. Let i be k(-7). Let n(s) = 6*s**2 - 6. Let h be n(-4). Let t = h - 62. Calculate the greatest common divisor of i and t.
28
Let v be 2/((-14)/72 + (-8)/(-32)). Let x be ((-36)/30)/((-6)/20). Calculate the highest common divisor of v and x.
4
Let v(h) be the second derivative of 31*h**5/20 + 2*h**3/3 - 3*h**2/2 + 26*h. Let y be v(1). What is the highest common divisor of y and 288?
32
Suppose 0*m + 3*m + 2*p = 58, -2*m + 17 = -3*p. Let q be 28*1 + 4/10*-10. What is the highest common divisor of q and m?
8
Let p = -2375 - -2408. What is the highest common divisor of 99 and p?
33
Suppose -2*p - 3*b + 213 = 0, -p + 212 = p + 2*b. What is the greatest common factor of 15 and p?
15
Let x(o) = -o**3 - 5*o**2 - 5*o + 1. Let c be 21/28 + 1/4. Let l be -1 - -1*(-3)/c. Let q be x(l). What is the highest common divisor of 5 and q?
5
Let b = 1 + -4. Let s be b/((-9)/12) - -4. Calculate the greatest common factor of s and 4.
4
Suppose 4*y - y + 529 = 4*q, -653 = -5*q + y. Suppose -5*t + 47 = -x, 4*t + 3*x - 39 = t. Calculate the greatest common factor of t and q.
10
Let p be 2 - (3 + 2)*(-414)/15. What is the highest common factor of 20 and p?
20
Let i(o) = o**2 + 13*o + 45. Let k be i(-7). Let l = 91 + 127. Suppose k*n + 20 = l. Calculate the greatest common factor of n and 44.
22
Let f = 770 - 535. Calculate the greatest common factor of 47 and f.
47
Let o be (3 - 1) + (2 - 3*2). Let r(a) = -20*a**3 - 2*a**2 - 3*a - 5. Let l be r(o). Calculate the greatest common factor of 17 and l.
17
Suppose -4*b - 3*b = -182. Let q be 2 + b*((-9)/(-2) - 0). What is the greatest common divisor of q and 7?
7
Let r be 4/38 + (13 - 81008/(-76)). Calculate the highest common divisor of r and 13.
13
Suppose -b = b + 4. Let a = 6 + b. Let f = 264 + -260. What is the greatest common divisor of a and f?
4
Suppose -10*u + 1036 - 196 = 0. Let h = -75 + u. Calculate the greatest common factor of 9 and h.
9
Let u(l) = 6*l**2 + 59*l - 11. Let q be u(-11). Calculate the greatest common divisor of q and 22.
22
Let a be 70352/82 - (-38)/779. What is the greatest common factor of a and 198?
66
Let a be (-4)/4 + 11 + 0. Let d be (-8 - -3)*(2 + -3). Suppose 9 = 3*y, 2 - 7 = 2*x - d*y. What is the highest common factor of x and a?
5
Suppose q + 3*q = 36. Suppose -2*l = 4*f - 12, 3*f + 0*f - q = 5*l. Suppose v = -l*v + 16. What is the greatest common factor of 8 and v?
8
Let a(x) = x**3 - 6*x**2 + 8*x + 2. Let c be a(5). Calculate the greatest common divisor of c and 527.
17
Suppose -54*l + 63*l - 225 = 0. Suppose 11*r = 5*r + 2400. What is the highest common divisor of r and l?
25
Let g = 568 - 561. Let m(w) = 4*w**2 - 2. Let l be m(2). Calculate the highest common factor of l and g.
7
Let v be 2/(-22)*2 - (-3696)/363. Suppose -v*t = -431 - 1669. Calculate the greatest common factor of t and 84.
42
Let s(j) = 21*j + 1128. Let b be s(-51). What is the greatest common divisor of b and 247?
19
Let c(q) = q**2 - 6*q + 3. Let n be c(6). Let h(k) = 7*k**2 + 5*k**2 - 9*k - 13*k**2 - 14. Let s be h(-5). Calculate the highest common divisor of n and s.
3
Suppose 22 = -8*n - 10. Let v be (29 - (n + 5))*1. Let s = 7 + 0. Calculate the highest common factor of s and v.
7
Let c be 4/3*(-27)/9. Let u be (-86)/c - (-2)/4. Let o = -21 + u. Calculate the greatest common divisor of 11 and o.
1
Let y(x) = -5*x**2 - 29*x - 2. Let u be y(-5). What is the greatest common divisor of 18 and u?
18
Suppose -5*h = -k - 2099, 188 = -2*h + 4*k + 1024. What is the highest common factor of 270 and h?
30
Let z be (-8)/24 - 14/(-6). Suppose 0 = g - z. Suppose g*h - 3*r = 35, 3*h - 5 = 4*r + 46. What is the highest common divisor of 52 and h?
13
Suppose -5*a - 25 = -10*a, -a = -2*k + 5. Suppose -k*t + 41 = 4*l, -4*t + 9 = -l - 7. Let y = 36 + -8. Calculate the greatest common divisor of y and l.
4
Let a be (18/45)/(2/(-40)). Let y be a/44 - 510/(-22). Calculate the greatest common divisor of y and 69.
23
Suppose -5*z + z = -56. Suppose -z*p + 20 = -13*p. Calculate the greatest common divisor of p and 20.
20
Let z(i) = 2*i**2 - 28*i - 6. Let k be z(-6). What is the highest common divisor of k and 26?
26
Let b be ((-1)/(-1))/((-1)/(-86)). Let v = b + -60